p) be the first derivative of 0*p + 1/24*p**5 + 1/24*p**4 + 0*p**2 - 1 - 4/3*p**3. Let u(f) be the third derivative of d(f). What is u(1)?
6
Let v(r) = 2*r - 5. Let s(w) = 3*w - 3. Let k(a) = -5*s(a) + 4*v(a). What is k(5)?
-40
Let o be ((-21)/(-14))/((-3)/14). Let c(k) = k - 1. Let b(a) = 3*a - 2. Let t(v) = o*c(v) + 3*b(v). What is t(-5)?
-9
Suppose 0 = -4*w + 107 - 123. Let z(d) = d**3 + 4*d**2 - d - 10. Give z(w).
-6
Let a(b) = -b + 1. Suppose -4*z - 254 = -242. Calculate a(z).
4
Let g = 82 - 48. Let r = 11 - -3. Let l(v) = -v**3 + 1 + 4*v**2 + 18*v - g*v + r*v. Determine l(4).
-7
Let q(c) = -3*c - 5. Let h be q(-2). Let y(f) = -f + 5*f - 7*f - h. What is y(-1)?
2
Let x(l) = 1. Let b(o) be the first derivative of o**3/3 - 5*o**2/2 + 11*o + 23. Let s(r) = -b(r) + 4*x(r). Calculate s(5).
-7
Let j be 20/15 - 6/(-9). Let i(l) = -2*l + l**2 + j*l - 7*l. Let z be (-1)/(-5)*6*5. What is i(z)?
-6
Let n(i) = -3*i + 22. Let j be 9 + 1*(-4 + 1 - -2). Let r be n(j). Let k(z) = 13*z + 3. Determine k(r).
-23
Let l(n) = 5. Let w(y) = y + 6. Let p(f) = 3*l(f) - 2*w(f). Give p(-2).
7
Let x(t) = 21*t - 5 - 22*t - 1 + 11. Calculate x(8).
-3
Suppose 8*s = -8 - 0. Let w(x) = 13*x + 3. Let g(r) = -r - 1. Let d(t) = s*w(t) - 2*g(t). Determine d(-2).
21
Let k(y) = -2*y**3 + y + 14. Let j(u) = -5*u**3 + 2*u + 38. Let m(w) = -4*j(w) + 11*k(w). What is m(-1)?
1
Let p(s) = -5*s**3 - 2*s**2 + 1. Let r(x) = -x**2 + x + 1. Suppose -11 = -2*h - 7. Let n be r(h). What is p(n)?
4
Let m(u) = u**3 + 8*u**2 - 4*u + 2. Let r be 53*(-11)/77 + 6/(-14). Give m(r).
34
Let x(k) be the first derivative of -k**2/2 - 4*k - 2. Suppose -34*o + 25*o - 72 = 0. Determine x(o).
4
Let q(v) = -v**2 + 3*v + 4. Let p(d) = 2*d + 36 + 4*d + 5*d - 9*d. Let h be p(-15). Determine q(h).
-14
Suppose 0 = -2*w - 3*w. Let q(t) be the second derivative of -t**3/6 + 13*t**2/2 + 43*t + 6. Determine q(w).
13
Let v(t) be the third derivative of t**7/2520 + t**6/120 - 13*t**5/60 - 7*t**2. Let x(i) be the third derivative of v(i). What is x(-4)?
-2
Let a(p) = 9*p - 1. Let c(k) = k**3 - 3*k**2 - 4*k. Let w be c(4). Let d(f) = -f**2 - 2*f + w*f**2 - 7 + 0*f**2 - 5*f. Let j be d(-6). Calculate a(j).
-10
Let k(d) be the third derivative of d**6/120 - 3*d**5/20 + 7*d**4/24 + 4*d**3/3 + 351*d**2. Let w = 5 - 1. Suppose w*b - 2 = 30. Give k(b).
0
Suppose 5*y = 21 - 1. Let r(t) be the first derivative of t**2 - 1 - 3*t - 1/3*t**3. Determine r(y).
-11
Suppose 4*r - 12 = -2*r. Let h(q) = q + 32 - 4*q**2 + 3*q**2 - 34 + r*q**2. Determine h(-2).
0
Let g(t) = -14*t - 115. Let z be g(-8). Let k(m) = 3*m + m**2 + 3 + m**2 + m. What is k(z)?
9
Let k(n) = n**3 + 5*n**2 - 3. Let h be k(-5). Let i(o) = -4*o**2 + o + 4. Let v(d) = 14*d**2 + 2*d - d - 8*d**2 - 7*d**2. Let p(r) = -i(r) + 3*v(r). Give p(h).
-1
Let c(p) = 105*p + 13. Let n(b) = 51*b + 5. Let q(i) = 2*c(i) - 5*n(i). What is q(-1)?
46
Let q(y) = -3*y + 2. Suppose n - 5*p - 32 = 3, -2*p - 40 = -3*n. Let v = n - 12. Let m be (0 - (-6)/(-4))*v. Give q(m).
-7
Let q = 24 - 18. Suppose 0 = 4*r + 20, 3*z - q*r = -3*r - 3. Let b(k) = k**3 + 7*k**2 + 5*k - 8. Give b(z).
-2
Let q be ((-21)/14 + 0)/(2/(-4)). Let l(f) = 5*f**3 - 5*f**2 + 3*f + 1. Let m(u) = 4*u**3 - 5*u**2 + 3*u + 1. Let z(y) = 3*l(y) - 4*m(y). Give z(q).
8
Suppose -5*v - 15 = -2*v. Let r(c) be the third derivative of c**4/24 + c**3/2 + c**2 + 7*c. What is r(v)?
-2
Let d be 4 + (-8)/(-56)*21. Let h(a) = -11*a + 7. Let m(v) = 6*v - 4. Let j(r) = -4*h(r) - 7*m(r). Give j(d).
14
Let l be (6/(-10))/((-2)/10). Let y(z) = -z**3 + 3*z**2 + 2*z - 3. Let v be y(l). Let x(h) = -2*h - 3*h + 1 + 2*h - v. What is x(-3)?
7
Let a(z) = -3*z**2 - 4*z. Let r(c) = -c**2 + 7*c - 8. Let q be r(1). What is a(q)?
-4
Let o(n) = 11*n**3 - 18*n**2 - 29*n + 35. Let w(h) = 4*h**3 - 6*h**2 - 10*h + 12. Let q(d) = 3*o(d) - 8*w(d). Determine q(7).
9
Let k(p) = -2797*p**2 + 0 - 18*p - 6 + 2798*p**2 + 0*p. Give k(15).
-51
Suppose 14*l - 12 = 10*l. Suppose 20 = -l*z + 26. Let a(n) = n**3 - 2*n**2 - 1. What is a(z)?
-1
Suppose o - 28 = -o + 4*c, 0 = 7*o + 3*c - 13. Let y(t) be the first derivative of 3*t - 1/2*t**2 + 5/3*t**3 - 1/4*t**4 - o. What is y(5)?
-2
Let w(r) = r. Let s be (-15)/(2*3/(-6)). Let a = 7 + 14. Let f = s - a. Give w(f).
-6
Let u(y) = -y**3 + 19*y**2 - 62*y + 34. Let t be u(15). Let b(c) = -2*c**2 + 8*c - 9. What is b(t)?
-9
Suppose 0 = -x + 4*a - 0*a - 8, 4*x - 25 = -3*a. Suppose -2*t = -x*d + 1 + 3, 0 = 5*d - 20. Let o = t + -8. Let w(c) = -3*c**2 - 3*c - 1. Calculate w(o).
-7
Let r(n) = n**2 - 3*n - 2. Let w be (74/3)/(4/(-6)). Let a = -33 - w. Give r(a).
2
Let p = 304 - 295. Let l(n) = n - 6. Calculate l(p).
3
Let g(t) = -7*t - 41. Let z(s) = 2*s + 9. Let c(o) = -g(o) - 2*z(o). Determine c(-7).
2
Let o(k) be the first derivative of k**2/2 + 14*k + 44. Calculate o(-11).
3
Let c(d) = 27*d**3 - d**2 + 2*d + 4. Let k be c(-3). Let m be 6/(-10) + k/100. Let x(b) = -b**3 - 8*b**2 + 4. Calculate x(m).
4
Let l(a) = -3*a + 3*a - 2*a. Let h be 4 - (-13 + (-4)/(-4)). Let p be h/(-104) - 22/26. Calculate l(p).
2
Let b(l) = 5*l - 8. Let w(r) = -2 - 1 + 3*r - r. Let x be 2*((-30)/(-6) - 3). Let u(t) = x*b(t) - 11*w(t). Determine u(1).
-1
Let c(w) = w - 1. Suppose -60 + 8 = -2*a. Suppose -18 = -4*h + a. Let r = 6 - h. Calculate c(r).
-6
Let h(y) = 5*y - 2. Let p(d) = 6*d - 3. Let w(m) = 5*h(m) - 4*p(m). Let g = -17 + 20. Suppose 26*f = 25*f - g. Calculate w(f).
-1
Let c(z) = -53*z**2 - 2*z - 13. Let f(l) = 18*l**2 + l + 5. Let m(t) = -3*c(t) - 8*f(t). Determine m(-1).
16
Let y(s) = 14*s**3 - 22*s**2 - 39*s - 42. Let a(f) = -5*f**3 + 7*f**2 + 13*f + 14. Let i(r) = -17*a(r) - 6*y(r). Calculate i(-12).
2
Let t(r) = -r - 1. Suppose 2*k + 3*k = 5*p + 30, 4*p - 3*k + 22 = 0. Let s(h) = 10*h + 5. Let u(l) = p*t(l) - s(l). What is u(1)?
-7
Suppose -5*c = -4*c + 6. Let u(l) = l**3 + l**2 + l + 4. Let v = 10 + -9. Let p(h) = h**2. Let o(r) = v*u(r) + 5*p(r). Give o(c).
-2
Let q(f) = 6*f. Suppose -3*m + 0*m + 2*c = -5, -5*c + 13 = m. Let w be -5*(-2)/15*m. Suppose -l = -3 + w. Determine q(l).
6
Let t(f) be the second derivative of 1/6*f**3 + 3/2*f**2 + 0 - f. Let k(r) = -r**3 - 4*r**2 - 4*r - 2. Let x be k(-2). Determine t(x).
1
Suppose 3*j - 100*x = -102*x + 4, 0 = -5*j + 4*x - 8. Let y(s) = -s**3 + s**2 - 14. Determine y(j).
-14
Let c(q) = -5*q. Suppose 5*y + 1028 = -4*m + 329, -139 = y + m. Let f be y/65 - (-2)/(-20)*-2. What is c(f)?
10
Let u be 12 - (-4 + -1 - -8). Let i(z) = 3*z**2 - 28*z + 7. What is i(u)?
-2
Let c(j) = 950*j + 3 - 476*j - 477*j. What is c(-1)?
6
Suppose 12*g + 1911 = -g. Let b = g - -140. Let u(q) = -2*q - 5. Calculate u(b).
9
Let l(c) = 2*c**2 + 1. Let p(v) = -7*v**2 - 5*v + 3. Let b(r) = -3*l(r) - p(r). Suppose -z = -4 - 2. Suppose 2*t - z*t = 24. Determine b(t).
0
Let f(g) = 2*g**2 - 6*g + 4. Let j = -151 - -155. What is f(j)?
12
Let r(c) = -c + 7. Suppose 5*q - q + 20 = -4*s, q + 29 = -5*s. Let y = -3 - s. Give r(y).
4
Let t be (8 - (-680)/(-90))/((-8)/(-6)). Let w(n) be the first derivative of 1 - 3*n**2 - t*n**3 - 4*n. What is w(-6)?
-4
Let g(r) = 3*r - 26 + 7 - 2 + 4 + 6. Give g(-8).
-35
Let a(d) = 45*d + 50*d + 7*d**2 - 2 - 100*d - d**3. Determine a(6).
4
Let i(p) be the third derivative of -p**4/4 + 13*p**3/6 - 470*p**2. What is i(6)?
-23
Let d(y) be the second derivative of y**4/24 + y**3/3 - 15*y**2 + 8*y. Let m(l) be the first derivative of d(l). Let s(v) = v + 2. Let q be s(-4). Give m(q).
0
Let n(k) = k**3 + 5*k**2 + 2*k + 6. Suppose 3*d + 42 - 24 = 0. What is n(d)?
-42
Let q be (-168)/(-40) + (-3)/15. Suppose z + 8*r = 6*r + 4, q*r = -4*z. Let a(v) = -v**3 - 4*v**2 + 4*v + 3. Calculate a(z).
-13
Let f = 289 + -284. Let a(t) = -t**3 + 4*t**2 + 2*t + 15. What is a(f)?
0
Let d(f) = -1 - 3 - 1 - 99*f + 53*f + 45*f + f**2. Calculate d(2).
-3
Let i(p) = -p**3 + 2*p**2 + 3. Let j(x) = x**2 - 8*x - 18. Let s be j(10). Suppose 5*u - 17 = z, s*z - 3 = -3*z + 3*u. What is i(z)?
-6
Let i(j) = -j**3 + 3*j**2 - 1. Suppose -5*p - 10 = -10*p. Let d be i(p). Let q(u) = -4 - d*u**3 - u - 3*u**2 + 11 - 6 + 2*u**3. Determine q(-2).
-1
Let i(u) = -u**2 - u + 7. Let v be (9/(-5))/((-9)/15). Suppose 5*t - 4*a + 9 = -7, v*t - 2*a = -8. Determine i(t).
7
Let t(j) = -j**2 + 25*j - 42. Let i = -1058 - -1081. Give t(i).
4
Let s(m) = -